54342 a multiple of 6?
True
Does 59 divide 10526?
False
Is 17810 a multiple of 12?
False
Is 6961 a multiple of 5?
False
Is 14120 a multiple of 10?
True
Is 88 a factor of 40778?
False
Is 18 a factor of 370?
False
Is 1763 a multiple of 136?
False
Is 4 a factor of 2396?
True
Is 6080 a multiple of 9?
False
Is 5 a factor of 550?
True
Is 13 a factor of 2886?
True
Is 2 a factor of 1677?
False
Is 3168 a multiple of 132?
True
Does 98 divide 65916?
False
Is 5690 a multiple of 18?
False
Is 69 a factor of 3933?
True
Does 75 divide 52350?
True
Does 37 divide 16206?
True
Is 47 a factor of 18546?
False
Is 69 a factor of 1794?
True
Is 924 a multiple of 21?
True
Is 2 a factor of 220?
True
Is 27 a factor of 4469?
False
Is 34720 a multiple of 160?
True
Is 656 a multiple of 56?
False
Is 14 a factor of 27724?
False
Is 37108 a multiple of 198?
False
Is 628 even?
True
Does 4 divide 321?
False
Is 30 a factor of 451?
False
Is 7866 a multiple of 19?
True
Does 51 divide 102?
True
Is 2 a factor of 670?
True
Is 33 a factor of 516?
False
Is 14 a factor of 238?
True
Is 13 a factor of 575?
False
Is 111 a factor of 5682?
False
Is 10955 a multiple of 12?
False
Is 3275 a multiple of 25?
True
Is 2255 a multiple of 13?
False
Is 57 a factor of 228?
True
Does 90 divide 1170?
True
Does 51 divide 192?
False
Is 9 a factor of 3265?
False
Is 8 a factor of 2679?
False
Is 16 a factor of 518?
False
Is 4580 a multiple of 20?
True
Is 76362 a multiple of 143?
True
Is 27 a factor of 1809?
True
Is 71 a factor of 13264?
False
Is 545 a multiple of 32?
False
Is 19 a factor of 570?
True
Is 71 a factor of 5893?
True
Is 246 a multiple of 2?
True
Is 140 a factor of 5460?
True
Does 8 divide 9696?
True
Is 2 a factor of 176?
True
Is 76 a factor of 8512?
True
Is 152 a multiple of 8?
True
Is 16 a factor of 2944?
True
Is 8245 a multiple of 19?
False
Is 7 a factor of 3183?
False
Is 3 a factor of 7119?
True
Is 785 a multiple of 5?
True
Does 21 divide 54?
False
Is 487 a multiple of 41?
False
Is 61160 a multiple of 8?
True
Is 46 a factor of 549?
False
Is 48 a factor of 1385?
False
Does 79 divide 66397?
False
Is 90 a factor of 3724?
False
Does 28 divide 112?
True
Does 41 divide 155?
False
Does 14 divide 6610?
False
Does 179 divide 64926?
False
Is 888 a multiple of 37?
True
Is 4643 a multiple of 14?
False
Does 4 divide 22853?
False
Is 4760 a multiple of 56?
True
Is 206 a factor of 44102?
False
Does 72 divide 49239?
False
Is 25480 a multiple of 196?
True
Is 14 a factor of 42?
True
Is 50 a factor of 1100?
True
Is 46 a factor of 5750?
True
Is 2002 a multiple of 42?
False
Is 20 a factor of 57?
False
Is 660 a multiple of 12?
True
Is 6 a factor of 693?
False
Is 11133 a multiple of 9?
True
Does 29 divide 9077?
True
Does 44 divide 484?
True
Is 3486 a multiple of 83?
True
Is 11748 a multiple of 33?
True
Does 32 divide 15712?
True
Does 29 divide 11243?
False
Is 298 a factor of 22350?
True
Is 251 a multiple of 6?
False
Is 58348 a multiple of 58?
True
Does 24 divide 387?
False
Is 24 a multiple of 2?
True
Does 59 divide 1043?
False
Does 20 divide 146?
False
Does 58 divide 101312?
False
Is 437 a multiple of 7?
False
Is 22 a multiple of 11?
True
Does 42 divide 340?
False
Does 18 divide 177?
False
Does 113 divide 2712?
True
Does 21 divide 1806?
True
Is 560 a multiple of 2?
True
Is 27125 a multiple of 125?
True
Does 7 divide 1862?
True
Is 140 a factor of 5331?
False
Does 19 divide 23712?
True
Is 15 a factor of 221?
False
Is 24 a factor of 1182?
False
Does 14 divide 1065?
False
Is 4941 a multiple of 27?
True
Is 12 a factor of 48?
True
Is 19 a factor of 114?
True
Is 26 a factor of 1313?
False
Does 183 divide 6815?
False
Is 2425 even?
False
Is 15 a factor of 19965?
True
Is 3 a factor of 5757?
True
Is 8245 a multiple of 7?
False
Does 4 divide 1751?
False
Is 142 a factor of 16472?
True
Is 11 a factor of 5643?
True
Is 31 a factor of 8806?
False
Is 62 a factor of 22925?
False
Is 15130 a multiple of 34?
True
Does 2 divide 2600?
True
Does 81 divide 463?
False
Is 2 a factor of 210?
True
Is 948 a multiple of 43?
False
Is 8664 a multiple of 6?
True
Is 973 a multiple of 7?
True
Is 28 a factor of 7020?
False
Is 11 a factor of 43285?
True
Is 79 a factor of 3634?
True
Is 1021 a multiple of 45?
False
Does 18 divide 5054?
False
Is 110 a multiple of 5?
True
Does 39 divide 54809?
False
Is 44 a factor of 36608?
True
Is 10 a factor of 3619?
False
Does 68 divide 884?
True
Does 49 divide 7761?
False
Is 2405 a multiple of 65?
True
Is 438 even?
True
Is 571 a multiple of 5?
False
Does 126 divide 1928?
False
Is 46393 a multiple of 255?
False
Does 50 divide 16832?
False
Does 19 divide 2280?
True
Is 14 a factor of 917?
False
Is 5662 a multiple of 38?
True
Is 1488 a multiple of 4?
True
Is 17 a factor of 4590?
True
Is 9960 a multiple of 83?
True
Is 12239 a multiple of 3?
False
Does 24 divide 1015?
False
Does 7 divide 434?
True
Does 12 divide 14616?
True
Is 18362 a multiple of 39?
False
Does 16 divide 13039?
False
Is 39 a factor of 478?
False
Is 9 a factor of 423?
True
Is 128 a factor of 40960?
True
Does 32 divide 1665?
False
Is 2629 a multiple of 9?
False
Does 39 divide 53859?
True
Does 69 divide 1211?
False
Is 11 a factor of 54318?
True
Does 96 divide 10171?
False
Does 36 divide 989?
False
Is 15 a factor of 13605?
True
Is 1144 a multiple of 26?
True
Is 9 a factor of 2032?
False
Is 2014 even?
True
Does 104 divide 73424?
True
Is 704 a multiple of 61?
False
Is 16399 a multiple of 51?
False
Is 13 a factor of 113?
False
Is 52 a factor of 4576?
True
Does 2 divide 21697?
False
Is 5728 a multiple of 44?
False
Does 20 divide 100?
True
Is 18 a factor of 1836?
True
Is 89 a factor of 64258?
True
Is 913 a multiple of 16?
False
Is 35 a factor of 630?
True
Does 14 divide 6337?
False
Does 4 divide 487?
False
Is 106 a factor of 5681?
False
Is 4 a factor of 388?
True
Is 7 a factor of 371?
True
Is 7579 a multiple of 11?
True
Does 56 divide 17906?
False
Does 7 divide 4766?
False
Is 7495 a multiple of 79?
False
Is 6 a factor of 11055?
False
Does 77 divide 11011?
True
Is 54 a factor of 702?
True
Does 18 divide 3230?
False
Does 35 divide 41475?
True
Does 10 divide 8659?
False
Is 12 a factor of 70942?
False
Is 1395 a multiple of 2?
False
Is 209 a factor of 22781?
True
Is 339 a multiple of 113?
True
Is 12 a factor of 408?
True
Is 16 a factor of 18090?
False
Is 13 a factor of 60541?
True
Is 74787 a multiple of 70?
False
Is 9 a factor of 14338?
False
Is 16 a factor of 145?
False
Does 54 divide 13950?
False
Does 8 divide 16?
True
Is 3327 a multiple of 5?
False
Is 86718 a multiple of 149?
True
Does 12 divide 948?
True
Does 20 divide 21180?
True
Is 1406 a multiple of 29?
False
Is 53 a factor of 8639?
True
Is 10 a factor of 11280?
True
Is 7581 a multiple of 133?
True
Is 17 a factor of 1105?
True
Does 135 divide 4860?
True
Is 59147 a multiple of 209?
True
Is 206566 a multiple of 495?
False
Does 48 divide 79753?
False
Is 846 a multiple of 7?
False
Is 96 a factor of 50016?
True
Is 18 a factor of 9059?
False
Does 122 divide 22082?
True
Does 104 divide 2602?
False
Is 432 a multiple of 16?
True
Is 2304 a multiple of 9?
True
Is 14 a factor of 818?
False
Does 74 divide 10952?
True
Is 37 a factor of 1554?
True
Is 4 a factor of 124?
True
Is 8 a factor of 518?
False
Is 45 a factor of 1208?
False
Does 238 divide 143216?
False
Does 34 divide 268?
False
Does 42 divide 1470?
True
Is 960 a multiple of 10?
True
Is 30783 a multiple of 26?
False
Is 31544 a multiple of 5?
False
Is 52506 a multiple of 18?
True
Is 181 a factor of 2699?
False
Is 364 a multiple of 26?
True
Is 528 a factor of 32208?
True
Does 22 divide 2129?
False
Does 30 divide 750?
True
Does 81 divide 51354?
True
Is 7 a factor of 819?
True
Is 447 a multiple of 2?
False
Does 143 divide 3146?
True
Does 19 divide 4553?
False
Is 3 a factor of 88?
False
Is 10895 a multiple of 59?
False
Does 56 divide 2703?
False
Is 3 a factor of 237?
True
Does 117 divide 5382?
True
Does 54 divide 972?
True
Is 11 a factor of 306?
False
Is 10 a factor of 630?
True
Is 25635 a multiple of 32?
False
Does 180 divide 2209?
False
Is 7684 a multiple of 86?
False
Does 109 divide 3161?
True
Does 48 divide 9434?
False
Is 105 a factor of 3150?
True
Is 43 a factor of 7264?
False
Is 12225 a multiple of 25?
True
Is 5921 a multiple of 3?
False
Is 952 a multiple of 54?
False
Does 